{"id":795,"date":"2018-08-31T18:39:45","date_gmt":"2018-08-31T21:39:45","guid":{"rendered":"https:\/\/iesm-tuc.infd.edu.ar\/sitio\/docentes\/"},"modified":"2020-04-03T13:29:25","modified_gmt":"2020-04-03T16:29:25","slug":"docentes","status":"publish","type":"page","link":"https:\/\/iesm-tuc.infd.edu.ar\/sitio\/docentes\/","title":{"rendered":"Docentes"},"content":{"rendered":"<p style=\"text-align: center;\"><span style=\"color: #ff0000;\"><strong>IES MONTEROS &#8211; 2020<\/strong><\/span><\/p>\n<p style=\"text-align: center;\"><span style=\"color: #ff0000;\"><strong>PROFESORADO DE EDUCACI\u00d3N SECUNDARIA EN MATEM\u00c1TICA<\/strong><\/span><\/p>\n<p style=\"text-align: center;\"><span style=\"color: #ff0000;\"><strong>NOMINA DE ASIGNATURAS Y PROFESORES<\/strong><\/span><\/p>\n<p>&nbsp;<\/p>\n<p><strong>PRIMER A\u00d1O<\/strong><\/p>\n<table width=\"652\">\n<tbody>\n<tr>\n<td width=\"196\"><strong>\u00a0<\/strong><\/p>\n<p><strong>ASIGNATURA<\/strong><strong>\u00a0<\/strong><\/td>\n<td width=\"210\"><strong><u>TURNO TARDE<\/u><\/strong><strong>\u00a0<\/strong><\/p>\n<p><strong>PROFESOR\/A<\/strong><\/td>\n<td width=\"246\"><strong><u>TURNO NOCHE<\/u><\/strong><\/p>\n<p><strong>\u00a0<\/strong><strong>PROFESOR\/A<\/strong><\/td>\n<\/tr>\n<tr>\n<td width=\"196\">PEDAGOG\u00cdA<\/td>\n<td width=\"210\">CASTRO MAR\u00cdA VICTORIA<\/td>\n<td width=\"246\">CARO MARCELA FABIANA<\/td>\n<\/tr>\n<tr>\n<td width=\"196\">DID\u00c1CTICA GENERAL<\/td>\n<td width=\"210\">CASTRO MAR\u00cdA VICTORIA<\/td>\n<td width=\"246\">CARO MARCELA FABIANA<\/td>\n<\/tr>\n<tr>\n<td width=\"196\">PSICOLOG\u00cdA EDUCACIONAL<\/td>\n<td width=\"210\">D\u00cdAZ NATALIA ELIZABETH<\/td>\n<td width=\"246\">CARO MARCELA FABIANA<\/td>\n<\/tr>\n<tr>\n<td width=\"196\">LECTURA ESCRITURA Y ORALIDAD<\/td>\n<td width=\"210\">RODRIGUEZ ELIANA GISELLE<\/td>\n<td width=\"246\">CASAS DANIEL<\/td>\n<\/tr>\n<tr>\n<td width=\"196\">PROBLEM\u00c1TICA DE LA EDUCACI\u00d3N SECUNDARIA<\/td>\n<td width=\"210\">ALBORNOZ RIVERO CAMILA VER\u00d3NICA<\/td>\n<td width=\"246\">&nbsp;<\/p>\n<p>AR\u00c1OZ ANA CECILIA<\/td>\n<\/tr>\n<tr>\n<td width=\"196\">ELEMENTOS DE ARITM\u00c9TICA Y ALGEBRA<\/td>\n<td width=\"210\">CARABAJAL MAR\u00cdA LORENA<\/td>\n<td width=\"246\">L\u00d3PEZ ROLANDO ALBERTO<\/td>\n<\/tr>\n<tr>\n<td width=\"196\">GEOMETR\u00cdA I<\/td>\n<td width=\"210\">MOLINA MAR\u00cdA SOLEDAD<\/p>\n<p>Suplente: PEDRAZA CLAUDIA DEL VALLE<\/td>\n<td width=\"246\">&nbsp;<\/p>\n<p>LEIVA JUANA DEL JES\u00daS<\/td>\n<\/tr>\n<tr>\n<td width=\"196\">EDI: MATEM\u00c1TICA Y TIC<\/p>\n<p>TRIGONOMETR\u00cdA<\/td>\n<td width=\"210\">CATANIA MARCELO FABIO<\/td>\n<td width=\"246\">ALDERETE MAR\u00cdA DANIELA<\/td>\n<\/tr>\n<tr>\n<td width=\"196\">\n<p style=\"text-align: center;\">PR\u00c1CTICA PROFESIONAL I<\/p>\n<\/td>\n<td width=\"210\">PAZ NOELIA MAR\u00cdA<\/p>\n<p>RUIZ JULIO C\u00c9SAR<\/td>\n<td width=\"246\">AR\u00c1OZ ANA CECILIA<\/p>\n<p>MENTZ NORMA TERESA<\/td>\n<\/tr>\n<\/tbody>\n<\/table>\n<p>&nbsp;<\/p>\n<p><strong>SEGUNDO A\u00d1O<\/strong><\/p>\n<table width=\"652\">\n<tbody>\n<tr>\n<td width=\"196\"><strong>\u00a0<\/strong><\/p>\n<p><strong>\u00a0<\/strong><\/p>\n<p><strong>ASIGNATURA<\/strong><\/p>\n<p><strong>\u00a0<\/strong><\/td>\n<td width=\"210\"><strong><u>TURNO TARDE<\/u><\/strong><\/p>\n<p><strong><u>\u00a0<\/u><\/strong><strong><u>PROFESOR\/A<\/u><\/strong><\/td>\n<td width=\"246\"><strong><u>TURNO NOCHE<\/u><\/strong><\/p>\n<p><strong><u>\u00a0<\/u><\/strong><strong><u>PROFESOR\/A<\/u><\/strong><\/td>\n<\/tr>\n<tr>\n<td width=\"196\">HISTORIA Y POL\u00cdTICA EDUCACIONAL<\/td>\n<td width=\"210\">ALBORNOZ RIVERO CAMILA<\/td>\n<td width=\"246\">CASTRO MAR\u00cdA VICTORIA<\/td>\n<\/tr>\n<tr>\n<td width=\"196\">SOCIOLOG\u00cdA DE LA EDUCACI\u00d3N<\/td>\n<td width=\"210\">ZELAYA LUCIANA<\/p>\n<p>MAR\u00cdA BELEN<\/td>\n<td width=\"246\">GHIGGIA ELISA BEATRIZ<\/td>\n<\/tr>\n<tr>\n<td width=\"196\">TECNOLOG\u00cdA DE LA INFORMACI\u00d3 Y LA COMUNICACI\u00d3N<\/td>\n<td width=\"210\">&nbsp;<\/p>\n<p>CATANIA MARCELO FABIO<\/td>\n<td width=\"246\">&nbsp;<\/p>\n<p>CATANIA MARCELO FABIO<\/td>\n<\/tr>\n<tr>\n<td width=\"196\">SUJETO DE LA EDUCACI\u00d3N SECUNDARIA<\/td>\n<td width=\"210\">D\u00cdAZ NATALIA ELIZABETH<\/td>\n<td width=\"246\">&nbsp;<\/p>\n<p>VILLA NILDA GRISELDA<\/td>\n<\/tr>\n<tr>\n<td width=\"196\">DID\u00c1CTICA DE LA MATEM\u00c1TICA I<\/td>\n<td width=\"210\">SARACHO MAR\u00cdA NOELIA<\/td>\n<td width=\"246\">ORTIZ SEBASTI\u00c1N JES\u00daS<\/td>\n<\/tr>\n<tr>\n<td width=\"196\">&nbsp;<\/p>\n<p>ALGEBRA I<\/td>\n<td width=\"210\">SANTIAGO GABRIELA IN\u00c9S<\/td>\n<td width=\"246\">ORTIZ SEBASTI\u00c1N JES\u00daS<\/td>\n<\/tr>\n<tr>\n<td width=\"196\">&nbsp;<\/p>\n<p>GEOMETR\u00cdA II<\/td>\n<td width=\"210\">&nbsp;<\/p>\n<p>SARACHO MAR\u00cdA NOELIA<\/td>\n<td width=\"246\">&nbsp;<\/p>\n<p>PEDRAZA CLAUDIA DEL VALLE<\/td>\n<\/tr>\n<tr>\n<td width=\"196\">\n<p style=\"text-align: center;\">AN\u00c1LISIS MATEM\u00c1TICO I<\/p>\n<\/td>\n<td width=\"210\">SANTIAGO GABRIELA IN\u00c9S<\/td>\n<td width=\"246\">BAZAN LUIS ERNESTO<\/td>\n<\/tr>\n<tr>\n<td width=\"196\">EDI: RESOLUCI\u00d3N DE PROBLEMAS \/ TRIGONOMETR\u00cdA<\/td>\n<td width=\"210\">SU\u00c1REZ DARIO\u00a0\u00a0\u00a0\u00a0\u00a0 GUILLERMO<\/td>\n<td width=\"246\">CHAVEZ IVANA BEATRIZ<\/td>\n<\/tr>\n<tr>\n<td width=\"196\">&nbsp;<\/p>\n<p>PR\u00c1CTICA PROFESIONAL II<\/td>\n<td width=\"210\">ALDERETE MAR\u00cdA DANIELA<\/p>\n<p>AR\u00c1OZ ANA CECILIA<\/td>\n<td width=\"246\">PAZ NATALIA ELIZABETH<\/p>\n<p>ARRIETA BENICIA MERCEDES<\/td>\n<\/tr>\n<\/tbody>\n<\/table>\n<p>&nbsp;<\/p>\n<p><strong>TERCER A\u00d1O<\/strong><\/p>\n<table width=\"567\">\n<tbody>\n<tr>\n<td width=\"283\"><strong>\u00a0<\/strong><strong>ASIGNATURA<\/strong><\/p>\n<p><strong>\u00a0<\/strong><\/td>\n<td width=\"283\"><strong>\u00a0<\/strong><strong><u>TURNO NOCHE<\/u><\/strong><\/p>\n<p><strong>PROFESOR\/A<\/strong><\/td>\n<\/tr>\n<tr>\n<td width=\"283\">FILOSOF\u00cdA DE LA EDUCACI\u00d3N<\/td>\n<td width=\"283\">HERRERA MAR\u00cdA DEL ROSARIO<\/td>\n<\/tr>\n<tr>\n<td width=\"283\">FORMACI\u00d3N<\/p>\n<p>\u00c9TICA Y CIUDADANA<\/td>\n<td width=\"283\">HERRERA MAR\u00cdA DEL ROSARIO<\/td>\n<\/tr>\n<tr>\n<td width=\"283\">ALGEBRA II<\/td>\n<td width=\"283\">MENTZ NORMA TERESA<\/td>\n<\/tr>\n<tr>\n<td width=\"283\">AN\u00c1LISIS MATEM\u00c1TICO II<\/td>\n<td width=\"283\">MENTZ NORMA TERESA<\/td>\n<\/tr>\n<tr>\n<td width=\"283\">PROBABILIDADES Y ESTAD\u00cdSTICAS I<\/td>\n<td width=\"283\">MENTZ NORMA TERESA<\/td>\n<\/tr>\n<tr>\n<td width=\"283\">PRODUCCI\u00d3N DE RECURSOS DID\u00c1CTICOS Y DIGITALES PARA LA ENSE\u00d1ANZA<\/td>\n<td width=\"283\">MENTZ NORMA TERESA<\/td>\n<\/tr>\n<tr>\n<td width=\"283\">DID\u00c1CTICA DE LA MATEM\u00c1TICA II<\/td>\n<td width=\"283\">NIEVA MIRTA LILIANA<\/p>\n<p>Suplente: JALIFE ROSANA GRACIELA<\/td>\n<\/tr>\n<tr>\n<td width=\"283\">EDI: FISICA<\/td>\n<td width=\"283\">BAZAN MAR\u00cdA DE CARMEN<\/td>\n<\/tr>\n<tr>\n<td width=\"283\">PR\u00c1CTICA PROFESIONAL III EN EL CICLO B\u00c1SICO DEL NIVEL SECUNDARIO<\/td>\n<td width=\"283\">GHIGGIA ELISA BEATRIZ<\/p>\n<p>DELGADO LILIANA DEL CARMEN<\/p>\n<p>Suplente: CHAVEZ IVANA BEATRIZ<\/td>\n<\/tr>\n<\/tbody>\n<\/table>\n<p>&nbsp;<\/p>\n<p><strong>CUARTO A\u00d1O<\/strong><\/p>\n<table width=\"596\">\n<tbody>\n<tr>\n<td width=\"298\"><strong>\u00a0<\/strong><strong>ASIGNATURA<\/strong><\/p>\n<p><strong>\u00a0<\/strong><\/td>\n<td width=\"298\"><strong>\u00a0<\/strong><strong><u>TURNO NOCHE<\/u><\/strong><\/p>\n<p><strong>PROFESOR\/A<\/strong><\/td>\n<\/tr>\n<tr>\n<td width=\"298\">EDUCACI\u00d3N SEXUAL INTEGRAL<\/td>\n<td width=\"298\">SANCHEZ EXEQUIEL<\/td>\n<\/tr>\n<tr>\n<td width=\"298\">EDI: INTEGRACI\u00d3N E INCLUSI\u00d3N EDUCATIVA<\/td>\n<td width=\"298\">BAZAN CARLOS ALFREDO<\/td>\n<\/tr>\n<tr>\n<td width=\"298\">TRANSFORMACIONES GEOM\u00c9TRICAS<\/td>\n<td width=\"298\">DELGADO LILIANA DEL CARMEN<\/p>\n<p>Suplente: PEDRAZA CLAUDIA DEL VALLE<\/td>\n<\/tr>\n<tr>\n<td width=\"298\">PROBABILIDADES Y ESTAD\u00cdSTICAS II<\/td>\n<td width=\"298\">DELGADO LILIANA DEL VALLE<\/p>\n<p>Suplente: PEDRAZA CLAUDIA DEL VALLE<\/td>\n<\/tr>\n<tr>\n<td width=\"298\">DID\u00c1CTICA DE LA MATEM\u00c1TICA III<\/td>\n<td width=\"298\">DELGADO LILIANA DEL CARMEN<\/p>\n<p>Suplente: CHAVEZ IVANA BEATRIZ<\/td>\n<\/tr>\n<tr>\n<td width=\"298\">HISTORIA Y EPISTEMOLOG\u00cdA DE LA MATEM\u00c1TICA<\/td>\n<td width=\"298\">RISSO PATR\u00d3N MAR\u00cdA GUADALUPE<\/td>\n<\/tr>\n<tr>\n<td width=\"298\">AN\u00c1LISIS EN VARIAS VARIABLES<\/td>\n<td width=\"298\">GUARDIA LUIS ALFREDO<\/td>\n<\/tr>\n<tr>\n<td width=\"298\">EDI: MODELIZACI\u00d3N MATEM\u00c1TICA<\/td>\n<td width=\"298\">MOLINA MARIA SOLEDAD<\/p>\n<p>Suplente: RISSO PATR\u00d3N MAR\u00cdA GUADALUPE<\/td>\n<\/tr>\n<tr>\n<td width=\"298\">PR\u00c1CTICA PROFESIONAL IV Y RESIDENCIA DOCENTE EN EL CICLO ORIENTADO DEL NIVEL SECUNDARIO<\/td>\n<td width=\"298\">HERRERA MAR\u00cdA DEL ROSARIO<\/p>\n<p>NIEVA LILIANA MIRTA<\/td>\n<\/tr>\n<\/tbody>\n<\/table>\n<hr \/>\n<hr \/>\n","protected":false},"excerpt":{"rendered":"<p>IES MONTEROS &#8211; 2020 PROFESORADO DE EDUCACI\u00d3N SECUNDARIA EN MATEM\u00c1TICA NOMINA DE ASIGNATURAS Y PROFESORES &nbsp; PRIMER A\u00d1O \u00a0 ASIGNATURA\u00a0 TURNO TARDE\u00a0 PROFESOR\/A TURNO NOCHE \u00a0PROFESOR\/A PEDAGOG\u00cdA CASTRO MAR\u00cdA VICTORIA CARO MARCELA FABIANA DID\u00c1CTICA GENERAL CASTRO MAR\u00cdA VICTORIA CARO MARCELA FABIANA PSICOLOG\u00cdA EDUCACIONAL D\u00cdAZ NATALIA ELIZABETH CARO MARCELA FABIANA LECTURA ESCRITURA Y ORALIDAD RODRIGUEZ ELIANA &#8230; <a title=\"Docentes\" class=\"read-more\" href=\"https:\/\/iesm-tuc.infd.edu.ar\/sitio\/docentes\/\" aria-label=\"More on Docentes\">[+]<\/a><\/p>\n","protected":false},"author":147,"featured_media":0,"parent":0,"menu_order":0,"comment_status":"closed","ping_status":"closed","template":"","meta":[],"acf":[],"_links":{"self":[{"href":"https:\/\/iesm-tuc.infd.edu.ar\/sitio\/wp-json\/wp\/v2\/pages\/795"}],"collection":[{"href":"https:\/\/iesm-tuc.infd.edu.ar\/sitio\/wp-json\/wp\/v2\/pages"}],"about":[{"href":"https:\/\/iesm-tuc.infd.edu.ar\/sitio\/wp-json\/wp\/v2\/types\/page"}],"author":[{"embeddable":true,"href":"https:\/\/iesm-tuc.infd.edu.ar\/sitio\/wp-json\/wp\/v2\/users\/147"}],"replies":[{"embeddable":true,"href":"https:\/\/iesm-tuc.infd.edu.ar\/sitio\/wp-json\/wp\/v2\/comments?post=795"}],"version-history":[{"count":4,"href":"https:\/\/iesm-tuc.infd.edu.ar\/sitio\/wp-json\/wp\/v2\/pages\/795\/revisions"}],"predecessor-version":[{"id":836,"href":"https:\/\/iesm-tuc.infd.edu.ar\/sitio\/wp-json\/wp\/v2\/pages\/795\/revisions\/836"}],"wp:attachment":[{"href":"https:\/\/iesm-tuc.infd.edu.ar\/sitio\/wp-json\/wp\/v2\/media?parent=795"}],"curies":[{"name":"wp","href":"https:\/\/api.w.org\/{rel}","templated":true}]}}