{"id":793,"date":"2018-08-31T18:39:45","date_gmt":"2018-08-31T21:39:45","guid":{"rendered":"https:\/\/iesm-tuc.infd.edu.ar\/sitio\/datos-institucionales\/"},"modified":"2026-03-17T16:54:49","modified_gmt":"2026-03-17T19:54:49","slug":"datos-institucionales","status":"publish","type":"page","link":"https:\/\/iesm-tuc.infd.edu.ar\/sitio\/datos-institucionales\/","title":{"rendered":"DATOS INSTITUCIONALES"},"content":{"rendered":"<hr \/>\n<h1 style=\"text-align: center;\"><strong><span style=\"font-family: 'arial black', 'avant garde'; color: #ff6600;\"><span style=\"font-size: 12pt;\"><em>INSTITUTO DE ENSE\u00d1ANZA SUPERIOR GRAL. BERN<\/em><\/span><\/span><span style=\"font-family: 'arial black', 'avant garde'; color: #ff6600;\"><span style=\"font-size: 12pt;\"><em>AB\u00c9 AR\u00c1ROZ DE<\/em><\/span><\/span> <span style=\"font-family: 'arial black', 'avant garde'; color: #ff6600;\"><span style=\"font-size: 12pt;\">MONTEROS<br \/>\n(EX &#8211; I.E.S. MONTEROS)<\/span><\/span><\/strong><\/h1>\n<h1 style=\"text-align: center;\"><span style=\"font-family: arial black,avant garde;\"><span style=\"font-size: 12pt;\"><img decoding=\"async\" loading=\"lazy\" class=\"wp-image-1119 aligncenter\" src=\"https:\/\/iesm-tuc.infd.edu.ar\/sitio\/wp-content\/uploads\/2026\/03\/ies-frente-1000x855.png\" alt=\"\" width=\"386\" height=\"330\" srcset=\"https:\/\/iesm-tuc.infd.edu.ar\/sitio\/wp-content\/uploads\/2026\/03\/ies-frente-1000x855.png 1000w, https:\/\/iesm-tuc.infd.edu.ar\/sitio\/wp-content\/uploads\/2026\/03\/ies-frente-768x656.png 768w, https:\/\/iesm-tuc.infd.edu.ar\/sitio\/wp-content\/uploads\/2026\/03\/ies-frente-1536x1313.png 1536w, https:\/\/iesm-tuc.infd.edu.ar\/sitio\/wp-content\/uploads\/2026\/03\/ies-frente.png 1797w\" sizes=\"(max-width: 386px) 100vw, 386px\" \/><\/span><\/span><\/h1>\n<hr \/>\n<p style=\"text-align: center;\"><span style=\"font-family: arial black,avant garde;\"><span style=\"font-size: 12pt;\"><span style=\"font-family: arial,helvetica,sans-serif;\">Direcci\u00f3n:<br \/>\nCalle San Martin 145 &#8211; Ciudad de Monteros<\/span><\/span><\/span><\/p>\n<p style=\"text-align: center;\"><span style=\"font-family: arial black,avant garde;\"><span style=\"font-size: 12pt;\"><span style=\"font-family: arial,helvetica,sans-serif;\">Correo Electr\u00f3nico:<br \/>\niesmonteros@yahoo.com.ar<\/span><\/span><\/span><\/p>\n<p style=\"text-align: center;\"><span style=\"font-family: arial black,avant garde;\"><span style=\"font-size: 12pt;\"><span style=\"font-family: arial,helvetica,sans-serif;\"><span style=\"font-size: 10pt;\">URL:<br \/>\n<\/span><\/span><a><span style=\"font-family: arial,helvetica,sans-serif;\"><span style=\"font-size: 10pt;\">http:\/\/iesm.tuc.infd.edu.ar\/sitio\/<br \/>\n<\/span><\/span><\/a><\/span><\/span><\/p>\n<p style=\"text-align: center;\">INSTAGRAM:\u00a0<img decoding=\"async\" loading=\"lazy\" class=\"wp-image-1120 aligncenter\" src=\"https:\/\/iesm-tuc.infd.edu.ar\/sitio\/wp-content\/uploads\/2026\/03\/INSTAGRAM.png\" alt=\"https:\/\/www.instagram.com\/superior.monteros.7?igsh=Z3kyd3d2OHdyYjBo\" width=\"195\" height=\"180\" srcset=\"https:\/\/iesm-tuc.infd.edu.ar\/sitio\/wp-content\/uploads\/2026\/03\/INSTAGRAM.png 780w, https:\/\/iesm-tuc.infd.edu.ar\/sitio\/wp-content\/uploads\/2026\/03\/INSTAGRAM-768x712.png 768w\" sizes=\"(max-width: 195px) 100vw, 195px\" \/><\/p>\n<p style=\"text-align: center;\"><a href=\"https:\/\/www.instagram.com\/superior.monteros.7?igsh=Z3kyd3d2OHdyYjBo\">https:\/\/www.instagram.com\/superior.monteros.7?igsh=Z3kyd3d2OHdyYjBo<\/a><\/p>\n","protected":false},"excerpt":{"rendered":"<p>INSTITUTO DE ENSE\u00d1ANZA SUPERIOR GRAL. BERNAB\u00c9 AR\u00c1ROZ DE MONTEROS (EX &#8211; I.E.S. MONTEROS) Direcci\u00f3n: Calle San Martin 145 &#8211; Ciudad de Monteros Correo Electr\u00f3nico: iesmonteros@yahoo.com.ar URL: http:\/\/iesm.tuc.infd.edu.ar\/sitio\/ INSTAGRAM:\u00a0 https:\/\/www.instagram.com\/superior.monteros.7?igsh=Z3kyd3d2OHdyYjBo<\/p>\n","protected":false},"author":147,"featured_media":0,"parent":0,"menu_order":0,"comment_status":"closed","ping_status":"closed","template":"","meta":[],"acf":[],"_links":{"self":[{"href":"https:\/\/iesm-tuc.infd.edu.ar\/sitio\/wp-json\/wp\/v2\/pages\/793"}],"collection":[{"href":"https:\/\/iesm-tuc.infd.edu.ar\/sitio\/wp-json\/wp\/v2\/pages"}],"about":[{"href":"https:\/\/iesm-tuc.infd.edu.ar\/sitio\/wp-json\/wp\/v2\/types\/page"}],"author":[{"embeddable":true,"href":"https:\/\/iesm-tuc.infd.edu.ar\/sitio\/wp-json\/wp\/v2\/users\/147"}],"replies":[{"embeddable":true,"href":"https:\/\/iesm-tuc.infd.edu.ar\/sitio\/wp-json\/wp\/v2\/comments?post=793"}],"version-history":[{"count":6,"href":"https:\/\/iesm-tuc.infd.edu.ar\/sitio\/wp-json\/wp\/v2\/pages\/793\/revisions"}],"predecessor-version":[{"id":1125,"href":"https:\/\/iesm-tuc.infd.edu.ar\/sitio\/wp-json\/wp\/v2\/pages\/793\/revisions\/1125"}],"wp:attachment":[{"href":"https:\/\/iesm-tuc.infd.edu.ar\/sitio\/wp-json\/wp\/v2\/media?parent=793"}],"curies":[{"name":"wp","href":"https:\/\/api.w.org\/{rel}","templated":true}]}}