{"id":765,"date":"2018-08-31T18:39:34","date_gmt":"2018-08-31T21:39:34","guid":{"rendered":"https:\/\/iesm-tuc.infd.edu.ar\/sitio\/profesorado-en-geografia\/"},"modified":"2020-09-19T18:12:43","modified_gmt":"2020-09-19T21:12:43","slug":"profesorado-en-geografia","status":"publish","type":"page","link":"https:\/\/iesm-tuc.infd.edu.ar\/sitio\/profesorado-en-geografia\/","title":{"rendered":"Profesorado de Educaci\u00f3n Secundaria en Geograf\u00eda"},"content":{"rendered":"<p style=\"text-align: center;\"><strong>A\u00d1O ACAD\u00c9MICO &#8211; 2020<\/strong><\/p>\n<p style=\"text-align: center;\"><strong>\u00a0PROGRAMA DE LAS MATERIAS &#8211; TURNO NOCHE<\/strong><\/p>\n<p><strong>PRIMER A\u00d1O<\/strong><\/p>\n<p>Introducci\u00f3n al Pensamiento Geogr\u00e1fico &#8211;\u00a0\u00a0<a href=\"https:\/\/iesm-tuc.infd.edu.ar\/sitio\/wp-content\/uploads\/2020\/09\/1RO-INTRODUCCION-AL-PENSAMIENTO-GEOGRAFICO.pdf\">1RO INTRODUCCION AL PENSAMIENTO GEOGRAFICO<\/a><\/p>\n<p>EDI: HISTORIA SOCIAL &#8211;\u00a0\u00a0<a href=\"https:\/\/iesm-tuc.infd.edu.ar\/sitio\/wp-content\/uploads\/2020\/09\/1RO-EDI-HISTORIA-SOCIAL.pdf\">1RO EDI HISTORIA SOCIAL<\/a><\/p>\n<p>Lectura, Escritura y Oralidad &#8211;\u00a0\u00a0<a href=\"https:\/\/iesm-tuc.infd.edu.ar\/sitio\/wp-content\/uploads\/2020\/09\/1RO-LECTURA-ESCRITURA-Y-ORALIDAD.pdf\">1RO LECTURA, ESCRITURA Y ORALIDAD<\/a><\/p>\n<p>Pedagog\u00eda &#8211;\u00a0 \u00a0<a href=\"https:\/\/iesm-tuc.infd.edu.ar\/sitio\/wp-content\/uploads\/2020\/09\/1RO-PEDAGOGIA-.pdf\">1RO PEDAGOGIA<\/a><\/p>\n<p>Pr\u00e1ctica Profesional I &#8211;\u00a0<a href=\"https:\/\/iesm-tuc.infd.edu.ar\/sitio\/wp-content\/uploads\/2020\/09\/1RO-PRACTICA-PROFESIONAL-1.pdf\">1RO PRACTICA PROFESIONAL 1<\/a><\/p>\n<p>Problem\u00e1tica de la Educaci\u00f3n Secundaria &#8211;\u00a0<a href=\"https:\/\/iesm-tuc.infd.edu.ar\/sitio\/wp-content\/uploads\/2020\/09\/1RO-PROBLEMATICA-DE-LA-EDUCACION-SECUNDARIA.pdf\">1RO PROBLEMATICA DE LA EDUCACION SECUNDARIA<\/a><\/p>\n<p>Psicolog\u00eda Educacional &#8211;\u00a0<a href=\"https:\/\/iesm-tuc.infd.edu.ar\/sitio\/wp-content\/uploads\/2020\/09\/1RO-PSICOLOGIA-EDUCACIONAL.pdf\">1RO PSICOLOGIA EDUCACIONAL<\/a><\/p>\n<p>&nbsp;<\/p>\n<p><strong>SEGUNDO A\u00d1O<\/strong><\/p>\n<p>Sistemas de Representaciones Territoriales &#8211;\u00a0<a href=\"https:\/\/iesm-tuc.infd.edu.ar\/sitio\/wp-content\/uploads\/2020\/09\/2DO-SISTEMAS-DE-REPRESENTACIONES-TERRITORIALES.pdf\">2DO SISTEMAS DE REPRESENTACIONES TERRITORIALES<\/a><\/p>\n<p>Ambiental II (Biogeograf\u00eda y Ecolog\u00eda)\u00a0 &#8211;\u00a0<a href=\"https:\/\/iesm-tuc.infd.edu.ar\/sitio\/wp-content\/uploads\/2020\/09\/2DO-AMBIENTAL-II-BIOGEOGRAFIA-Y-ECOLOGIA.pdf\">2DO AMBIENTAL II (BIOGEOGRAFIA Y ECOLOGIA)<\/a><\/p>\n<p>Did\u00e1ctica de la Geograf\u00eda I &#8211;\u00a0<a href=\"https:\/\/iesm-tuc.infd.edu.ar\/sitio\/wp-content\/uploads\/2020\/09\/2DO-DIDACTICA-DE-LA-GEOGRAFIA-I.pdf\">2DO DIDACTICA DE LA GEOGRAFIA I<\/a><\/p>\n<p>Pr\u00e1ctica Profesional II &#8211;\u00a0<a href=\"https:\/\/iesm-tuc.infd.edu.ar\/sitio\/wp-content\/uploads\/2020\/09\/2DO-PRACTICA-II.pdf\">2DO PRACTICA II<\/a><\/p>\n<p>Antropolog\u00eda Cultural &#8211;\u00a0<a href=\"https:\/\/iesm-tuc.infd.edu.ar\/sitio\/wp-content\/uploads\/2020\/09\/2DO-ANTROPOLOGIA-CULTURAL.pdf\">2DO ANTROPOLOGIA CULTURAL<\/a><\/p>\n<p>Sociolog\u00eda de la Educaci\u00f3n &#8211;\u00a0<a href=\"https:\/\/iesm-tuc.infd.edu.ar\/sitio\/wp-content\/uploads\/2020\/09\/2DO-SOCIOLOGIA-DE-LA-EDUCACION.pdf\">2DO SOCIOLOGIA DE LA EDUCACION<\/a><\/p>\n<p>Tecnolog\u00eda de la Informaci\u00f3n y de la Comunicaci\u00f3n &#8211;\u00a0<a href=\"https:\/\/iesm-tuc.infd.edu.ar\/sitio\/wp-content\/uploads\/2020\/09\/2DO-TECNOLOGIA-DE-LA-INFORMACION-Y-DE-LA-COMUNICACION.pdf\">2DO TECNOLOGIA DE LA INFORMACION Y DE LA COMUNICACION<\/a><\/p>\n<p>Sujeto de la Educaci\u00f3n Secundaria &#8211;\u00a0<a href=\"https:\/\/iesm-tuc.infd.edu.ar\/sitio\/wp-content\/uploads\/2020\/09\/2DO-SUJETO-DE-LA-EDUCACION-SECUNDARIA.pdf\">2DO SUJETO DE LA EDUCACION SECUNDARIA<\/a><\/p>\n<p>&nbsp;<\/p>\n<p><strong>TERCER A\u00d1O<\/strong><\/p>\n<p>Did\u00e1ctica de la Geograf\u00eda II &#8211;\u00a0<a href=\"https:\/\/iesm-tuc.infd.edu.ar\/sitio\/wp-content\/uploads\/2020\/09\/3RO-DIDACTICA-DE-LA-GEOGRAFIA-II.pdf\">3RO DIDACTICA DE LA GEOGRAFIA II<\/a><\/p>\n<p>Filosof\u00eda de la Educaci\u00f3n &#8211;\u00a0<a href=\"https:\/\/iesm-tuc.infd.edu.ar\/sitio\/wp-content\/uploads\/2020\/09\/3RO-FILOSOFIA-DE-LA-EDUCACION.pdf\">3RO FILOSOFIA DE LA EDUCACION<\/a><\/p>\n<p>Formaci\u00f3n Etica y Ciudadana &#8211;\u00a0<a href=\"https:\/\/iesm-tuc.infd.edu.ar\/sitio\/wp-content\/uploads\/2020\/09\/3RO-FORMACION-ETICA-Y-CIUDADANA.pdf\">3RO FORMACION ETICA Y CIUDADANA<\/a><\/p>\n<p>Geograf\u00eda de la Rep\u00fablica Argentina &#8211;\u00a0<a href=\"https:\/\/iesm-tuc.infd.edu.ar\/sitio\/wp-content\/uploads\/2020\/09\/3RO-GEOGRAFIA-DE-LA-REPUBLICA-ARGENTINA.pdf\">3RO GEOGRAFIA DE LA REPUBLICA ARGENTINA<\/a><\/p>\n<p>Geograf\u00eda Econ\u00f3mica General &#8211;\u00a0<a href=\"https:\/\/iesm-tuc.infd.edu.ar\/sitio\/wp-content\/uploads\/2020\/09\/3RO-GEOGRAFIA-ECONOMICA-GENERAL-.pdf\">3RO GEOGRAFIA ECONOMICA GENERAL<\/a><\/p>\n<p>Producci\u00f3n de Recursos Did\u00e1cticos y Digitales &#8211;\u00a0<a href=\"https:\/\/iesm-tuc.infd.edu.ar\/sitio\/wp-content\/uploads\/2020\/09\/3RO-PRODUCCION-DE-RECURSOS-DIDACTICOS-Y-DIGITALES.pdf\">3RO PRODUCCION DE RECURSOS DIDACTICOS Y DIGITALES<\/a><\/p>\n<p>&nbsp;<\/p>\n<p><strong>CUARTO A\u00d1O\u00a0<\/strong><\/p>\n<p>Did\u00e1ctica de la Geograf\u00eda III &#8211;\u00a0<a href=\"https:\/\/iesm-tuc.infd.edu.ar\/sitio\/wp-content\/uploads\/2020\/09\/4TO-DIDACTICA-DE-LA-GEOGRAFIA-III.pdf\">4TO DIDACTICA DE LA GEOGRAFIA III<\/a><\/p>\n<p>Educaci\u00f3n Sexual Integral &#8211;\u00a0<a href=\"https:\/\/iesm-tuc.infd.edu.ar\/sitio\/wp-content\/uploads\/2020\/09\/4TO-EDUCACION-SEXUAL-INTEGRAL.pdf\">4TO EDUCACION SEXUAL INTEGRAL<\/a><\/p>\n<p>Investigaci\u00f3n en Geograf\u00eda &#8211;\u00a0<a href=\"https:\/\/iesm-tuc.infd.edu.ar\/sitio\/wp-content\/uploads\/2020\/09\/4TO-INVESTIGACION-EN-GEOGRAFIA.pdf\">4TO INVESTIGACION EN GEOGRAFIA<\/a><\/p>\n<p>Desarrollo y Territorialidad en Am\u00e9rica Latina &#8211;\u00a0<a href=\"https:\/\/iesm-tuc.infd.edu.ar\/sitio\/wp-content\/uploads\/2020\/09\/4TO-DESARROLLO-Y-TERRITORIALIDAD-EN-AMERICA-LATINA.pdf\">4TO DESARROLLO Y TERRITORIALIDAD EN AMERICA LATINA<\/a><\/p>\n<p>&nbsp;<\/p>\n<p style=\"text-align: center;\"><span style=\"font-size: small;\"><span style=\"font-family: arial,helvetica,sans-serif;\">El Profesorado en Geograf\u00eda constituye una de las ofertas educativas del IES Monteros<\/span><\/span><\/p>\n","protected":false},"excerpt":{"rendered":"<p>A\u00d1O ACAD\u00c9MICO &#8211; 2020 \u00a0PROGRAMA DE LAS MATERIAS &#8211; TURNO NOCHE PRIMER A\u00d1O Introducci\u00f3n al Pensamiento Geogr\u00e1fico &#8211;\u00a0\u00a01RO INTRODUCCION AL PENSAMIENTO GEOGRAFICO EDI: HISTORIA SOCIAL &#8211;\u00a0\u00a01RO EDI HISTORIA SOCIAL Lectura, Escritura y Oralidad &#8211;\u00a0\u00a01RO LECTURA, ESCRITURA Y ORALIDAD Pedagog\u00eda &#8211;\u00a0 \u00a01RO PEDAGOGIA Pr\u00e1ctica Profesional I &#8211;\u00a01RO PRACTICA PROFESIONAL 1 Problem\u00e1tica de la Educaci\u00f3n Secundaria &#8211;\u00a01RO &#8230; <a title=\"Profesorado de Educaci\u00f3n Secundaria en Geograf\u00eda\" class=\"read-more\" href=\"https:\/\/iesm-tuc.infd.edu.ar\/sitio\/profesorado-en-geografia\/\" aria-label=\"More on Profesorado de Educaci\u00f3n Secundaria en Geograf\u00eda\">[+]<\/a><\/p>\n","protected":false},"author":147,"featured_media":0,"parent":0,"menu_order":0,"comment_status":"closed","ping_status":"closed","template":"","meta":[],"acf":[],"_links":{"self":[{"href":"https:\/\/iesm-tuc.infd.edu.ar\/sitio\/wp-json\/wp\/v2\/pages\/765"}],"collection":[{"href":"https:\/\/iesm-tuc.infd.edu.ar\/sitio\/wp-json\/wp\/v2\/pages"}],"about":[{"href":"https:\/\/iesm-tuc.infd.edu.ar\/sitio\/wp-json\/wp\/v2\/types\/page"}],"author":[{"embeddable":true,"href":"https:\/\/iesm-tuc.infd.edu.ar\/sitio\/wp-json\/wp\/v2\/users\/147"}],"replies":[{"embeddable":true,"href":"https:\/\/iesm-tuc.infd.edu.ar\/sitio\/wp-json\/wp\/v2\/comments?post=765"}],"version-history":[{"count":7,"href":"https:\/\/iesm-tuc.infd.edu.ar\/sitio\/wp-json\/wp\/v2\/pages\/765\/revisions"}],"predecessor-version":[{"id":957,"href":"https:\/\/iesm-tuc.infd.edu.ar\/sitio\/wp-json\/wp\/v2\/pages\/765\/revisions\/957"}],"wp:attachment":[{"href":"https:\/\/iesm-tuc.infd.edu.ar\/sitio\/wp-json\/wp\/v2\/media?parent=765"}],"curies":[{"name":"wp","href":"https:\/\/api.w.org\/{rel}","templated":true}]}}